111010010
In base 15, what is 6b28 - 4?
6b24
In base 8, what is 3 + 22226?
22231
In base 11, what is 16 - -20440?
20456
In base 2, what is 1 - 100010101011101100100?
-100010101011101100011
In base 12, what is 345b8 - 2?
345b6
In base 3, what is -12 - -12010001220?
12010001201
In base 14, what is 21dc3 - -3?
21dc6
In base 9, what is -11 - 23706?
-23717
In base 6, what is -3 + 240520?
240513
In base 4, what is 3322100 - -12?
3322112
In base 4, what is -3301 - 302323?
-312230
In base 12, what is -3 + 30966?
30963
In base 13, what is -1 + 20b0a?
20b09
In base 9, what is -5771 - -4?
-5766
In base 6, what is -3 + -5?
-12
In base 7, what is 630 - -5250?
6210
In base 6, what is -142240251 + -4?
-142240255
In base 16, what is -55b + 0?
-55b
In base 14, what is -1b03 + 53?
-1a90
In base 10, what is -1901 - 93?
-1994
In base 16, what is 59c82 + 6?
59c88
In base 11, what is -17077 - 8?
-17084
In base 9, what is 5 + 15050?
15055
In base 9, what is -2852 + 36?
-2815
In base 15, what is 43438 + 2?
4343a
In base 11, what is 3 + 12011?
12014
In base 15, what is -6ba + -526?
-be1
In base 5, what is 311 - -404302?
410113
In base 5, what is 33134020 + 14?
33134034
In base 5, what is -22 + 4342232?
4342210
In base 4, what is 1002 + -210023?
-203021
In base 8, what is 16 - 532763?
-532745
In base 11, what is 195702 - -2?
195704
In base 3, what is 12 + 220121220?
220122002
In base 9, what is -5274 - 18?
-5303
In base 6, what is 40540242 + -2?
40540240
In base 6, what is 10201 + 50?
10251
In base 12, what is 61 - 472?
-411
In base 13, what is -1 + 16914?
16913
In base 8, what is 50 + -63222?
-63152
In base 9, what is -5 - -13176?
13171
In base 7, what is -3621 - -2542?
-1046
In base 8, what is -15 + 42660?
42643
In base 16, what is 4 + -12466?
-12462
In base 15, what is 9c9 + -26?
9a3
In base 13, what is -4456c + -2?
-44571
In base 2, what is -100100 - 100101110111000?
-100101111011100
In base 2, what is 1001 + 11111011010001001?
11111011010010010
In base 13, what is b - 81?
-73
In base 8, what is -46 + 3612?
3544
In base 13, what is 17683b + 4?
176842
In base 14, what is 2 - -a808c?
a8090
In base 14, what is -5 + 5a2b?
5a26
In base 6, what is 12140 + 145?
12325
In base 16, what is d11 - -43?
d54
In base 9, what is -262 - 404?
-666
In base 10, what is -10 - -186668?
186658
In base 8, what is -5 + -14754?
-14761
In base 14, what is -18 - -727d?
7265
In base 4, what is 20 + 212322031?
212322111
In base 8, what is -172 - -3252?
3060
In base 2, what is 111000 - -100011110?
101010110
In base 2, what is 11010100001000 + 1011010?
11010101100010
In base 9, what is 12 + -2282?
-2270
In base 2, what is -1110 + 10000000000110?
1111111111000
In base 9, what is 415 - -113?
528
In base 15, what is 1906 + 2?
1908
In base 10, what is 1014 + 0?
1014
In base 6, what is -3341 - -3110?
-231
In base 2, what is 101 - 1001110110001001010?
-1001110110001000101
In base 13, what is -5 + -65cc?
-6604
In base 15, what is 80a - dd?
71c
In base 15, what is -1ace - -2e?
-1aa0
In base 13, what is 1bc88 - -5?
1bc90
In base 14, what is -40c - 19?
-427
In base 5, what is 13143123 + 4?
13143132
In base 13, what is 5 + 3b85a?
3b862
In base 8, what is 15364 - -26?
15412
In base 13, what is -9 + -17086?
-17092
In base 13, what is 22c9a + -4?
22c96
In base 12, what is 5 + 47a81?
47a86
In base 7, what is -503153 - 1?
-503154
In base 8, what is 1500 + 46?
1546
In base 16, what is -c - -465e?
4652
In base 11, what is 1699a90 - -5?
1699a95
In base 9, what is 8156 - 168?
7877
In base 10, what is 38223 + -1?
38222
In base 10, what is 2 + 9177?
9179
In base 4, what is -32102233 + -1?
-32102300
In base 9, what is -1522714 + 3?
-1522711
In base 13, what is 4481 - 30?
4451
In base 15, what is 2b7a62 - -5?
2b7a67
In base 9, what is -120 - 15545?
-15665
In base 4, what is -2001130 - -32?
-2001032
In base 2, what is -10 + 1010100101101111?
1010100101101101
In base 9, what is 13 - 134266?
-134253
In base 10, what is -231 + 4774?
4543
In base 3, what is 212111122120 + -1?
212111122112
In base 13, what is -34 - 18a6?
-190a
In base 5, what is 311333024 + 2?
311333031
In base 15, what is bd - a8b?
-9bd
In base 12, what is -129 + 185?
58
In base 11, what is 1 - -22830?
22831
In base 4, what is 12212 - -122302?
201120
In base 6, what is -10 - -102013?
102003
In base 3, what is -202212 + -10200?
-220112
In base 11, what is -243 + 2534?
22a1
In base 3, what is 1101011211121 - 2?
1101011211112
In base 3, what is 10022 + -21110?
-11011
In base 8, what is 125 + -105014?
-104667
In base 12, what is -1 + -9b58?
-9b59
In base 15, what is 1b839 + -9?
1b830
In base 12, what is 0 + -4587?
-4587
In base 2, what is -1011010010001 - 101?
-1011010010110
In base 12, what is 2855515 - 1?
2855514
In base 14, what is -c0b + 8?
-c03
In base 10, what is 4272 - 32?
4240
In base 15, what is -1c4cc - 1?
-1c4cd
In base 8, what is -1342 + 45?
-1275
In base 5, what is -1104 + 211030?
204421
In base 5, what is -3130 + -2?
-3132
In base 13, what is 0 - 408a3c?
-408a3c
In base 7, what is -136115 + 5?
-136110
In base 6, what is -44520 - -53?
-44423
In base 11, what is -24 - -1054?
1030
In base 15, what is 22b1 + 0?
22b1
In base 2, what is 11 + -10111010011100?
-10111010011001
In base 16, what is 403 + -e?
3f5
In base 4, what is -3 - 23203221?
-23203230
In base 16, what is -183f44 + 2?
-183f42
In base 15, what is 4 - 1149e7?
-1149e3
In base 4, what is 2331 - -320?
3311
In base 16, what is 136c0 - 3?
136bd
In base 8, what is 0 - 42425?
-42425
In base 7, what is 10 - -20245?
20255
In base 3, what is -21112000200 - -211?
-21111222212
In base 8, what is -2 + 1171?
1167
In base 8, what is 47 + -200246?
-200177
In base 14, what is -4 + 1cacd?
1cac9
In base 4, what is 2 - -3021220?
3021222
In base 9, what is 1042 + 80?
1132
In base 9, what is -6880 + 13?
-6866
In base 6, what is 2 - 203214?
-203212
In base 9, what is -1387 - -112?
-1275
In base 16, what is a00 + -2?
9fe
In base 13, what is 436 - -92?
4c8
In base 3, what is -1221010122 - 102?
-1221011001
In base 7, what is 642 - 110?
532
In base 12, what is -5661 + -71?
-5712
In base 5, what is -2341344 - -1?
-2341343
In base 3, what is -10120 + 11200211?
11120021
In base 10, what is 2 - 83163?
-83161
In base 9, what is 383 + 32?
425
In base 2, what is -1100011011001100 - 10?
-1100011011001110
In base 12, what is -5 - -7948?
7943
In base 6, what is 10430 - -11154?
22024
In base 8, what is 26474 - 47?
26425
In base 2, what is -101000000110 - 10100?
-101000011010
In base 4, what is 102110 + -132?
101312
In base 14, what is 0 - -7b167?
7b167
In base 5, what is 23 - -431234?
431312
In base 3, what is 211 + -202101?
-201120
In base 4, what is 11 + -330100?
-330023
In base 10, what is 17124 - -34?
17158
In base 11, what is 6 + -576?
-570
In base 16, what is -13db5 + 3?
-13db2
In base 7, what is 64363 - 2?
64361
In base 16, what is 4b8 - 106?
3b2
In base 5, what is 422034402 + -10?
422034342
In base 15, what is -4 - edc3?
-edc7
In base 3, what is -2122112002 - 11?
-2122112020
In base 12, what is -6 + b3ab?
b3a5
In base 8, what is -3 + -263057?
-263062
In base 9, what is -41 + -8063?
-8114
In base 9, what is -30542 - -111?
-30431
In base 10, what is 1 + 73265?
73266
In base 14, what is 926 - -4?
92a
In base 13, what is 2 + -98a8?
-98a6
In base 12, what is -1 - 4015?
-4016
In base 9, what is 10 - 107880?
-107870
In base 8, what is -6440 + 722?
-5516
In base 15, what is -6159 - 6?
-6160
In base 11, what is -7902 + -6?
-7908
In base 11, what is 172 - -499?
660
In base 9, what is 5 + -231041?
-231035
In base 10, what is -663612 + 3?
-663609
In base 3, what is 11 + -101211201?
-101211120
In base 10, what is 13917 + 484?
14401
In base 10, what is -25 - -3648?
3623
In base 4, what is 1123 + 201031?
202220
In base 6, what is 213 + -1405?
-1152
In base 2, what is 0 - -10000010101110101000?
10000010101110101000
In base 12, what is 4323 - 5?
431a
In base 7, what is 3124311 + -11?
3124300
In base 4, what is -3 + -1203101?
-1203110
In base 11, what is 1 - -122067?
122068
In base 7, what is 1365646 - 0?
1365646
In base 6, what is 5 - -14211?
14220
In base 4, what is 2 - 111230102?
-111230100
In base 16, what is -59 + 12f2?
1299
In base 6, what is -2313005 + -13?
-2313022
In base 5, what is -4 + -2242342?
-2242401
In base 7, what is